 56/(-140)?
2
Let j be 2 + 5 - (1 - -2). Suppose j*k - 3*k = -5. What is the tens digit of -121*(-4)/6 + k/(-15)?
8
Let i be (1/4)/((-891)/180 + 5). Suppose -i*t + 20 = c, -2*t + 7 = 5*c - 24. What is the units digit of t?
3
Let o = -50 + -44. Let d = 161 - o. Let m = d - 123. What is the units digit of m?
2
Let y(i) = 2*i + 9. Let d(o) = 5*o - 32. Let b be d(7). What is the tens digit of y(b)?
1
Let q(d) = d**2. Let l be q(1). Let v(p) be the second derivative of 29*p**5/20 + p**4/6 - p**3/3 + p**2/2 + p + 37. What is the units digit of v(l)?
0
Suppose 2*s - 3*p = -6*p + 253, 2*p + 248 = 2*s. Suppose -s + 136 = t. What is the units digit of t?
1
Suppose -264 = -u - 1728. Let r be (u/(-9))/(3/9 + 0). Let w = -321 + r. What is the units digit of w?
7
Suppose 537 + 7 = 8*f. Let m = f + -58. Suppose 602 = -3*d + m*d. What is the units digit of d?
6
Suppose 7*x + 524185 = 48*x. What is the tens digit of x?
8
Let q(y) = 2*y**3 + 52*y**2 + 23*y + 24. What is the thousands digit of q(-9)?
2
Let s = -1173 + 780. Let c = s + 191. What is the hundreds digit of (c + 5)/(-1) + -1?
1
Suppose -x = -5*k - 40168, 104110 + 96880 = 5*x + 5*k. What is the ten thousands digit of x?
4
Let k(i) = -204*i - 1679. What is the thousands digit of k(-37)?
5
Suppose 2*n = -36 + 916. Suppose 0 = 11*o - 6*o - n. What is the tens digit of o/1 - (-4 - -6)?
8
Suppose -4*k - g + 6667 + 33791 = 0, 4*k - 40470 = 5*g. Suppose -86*o + 79*o + k = 0. What is the hundreds digit of o?
4
Let s = 48 + -56. Let x be 3/(0 + -1) - (s - -1). Suppose -2*a - 729 = -4*i - i, 0 = -2*i + x*a + 282. What is the hundreds digit of i?
1
Suppose -188*l + 95080 = 4*x - 184*l, 0 = -4*l + 32. What is the hundreds digit of x?
7
Let i be 6/(-3) - (0 + -7 + 4). What is the hundreds digit of (0 + i)/((-19)/(-17841))?
9
Let p(w) = 21*w**2 - 80*w - 8. Let x be p(7). Let n be (-2)/4 + 538/4. Suppose -5*h - x = -4*z, z - h - n = -6*h. What is the units digit of z?
9
Let p(h) = 16*h**2 - 18*h - 20. Let o be p(-11). Suppose 2*b - 842 = -y, -15*y + 17*y + o = 5*b. What is the tens digit of b?
2
Suppose -29*t = -32*t + 30. Suppose 5*f - 50 = t*f. What is the units digit of ((-16)/f)/((-3)/((-390)/4))?
2
Let i(d) = -7*d - 74 + 35 + 29 + 115*d**2. What is the hundreds digit of i(-2)?
4
Let r = 2418 - -2648. What is the hundreds digit of r?
0
Let d(h) = h**2 - 19*h - 6. Let x = -43 + 28. What is the hundreds digit of d(x)?
5
Let w = 39476 + -27532. What is the tens digit of w?
4
Let l(w) = -w**2 + 11*w + 14. Let u be l(10). Suppose 5*c = -u + 49. Suppose -c*b + 4*g + 875 = -0*g, -5*b + 2*g + 875 = 0. What is the tens digit of b?
7
What is the thousands digit of (102/(-17))/((-6)/7342)?
7
Let l be 4311*14/(-105)*-5. Suppose 11*o + l = 9408. What is the hundreds digit of o?
5
Let r(t) be the third derivative of 199*t**4/24 + 3*t**3 - 33*t**2. What is the units digit of r(2)?
6
Suppose -52*v = -53*v - 588. Let h = v - -950. What is the units digit of h?
2
Suppose -4*n - 26280 = -4*y, 4*n + 13138 = y + y. What is the hundreds digit of y?
5
Suppose 0 = -5*b - 5*d - 5, -d + 12 = -5*d. Suppose 2*h - 2979 = -3*f - 933, b*f - 1380 = 4*h. Suppose -6*o - f = -12*o. What is the units digit of o?
4
Let h = -14052 - -29520. What is the thousands digit of h?
5
Suppose -3*r - u = 0, -r + 2*u = r. Suppose 5*v + v - 5730 = r. What is the units digit of v?
5
Let v = -662 + 470. Let x = 341 + v. What is the units digit of x?
9
Let t(j) = 5*j**2 - 176*j + 932. What is the thousands digit of t(81)?
9
Let y = -14083 - -28300. What is the tens digit of y?
1
Let d = -5401 - -5475. What is the tens digit of d?
7
Let j(i) = -65*i**3 + 11*i**2 + 11. Let g(k) = -k**3 - k**2 - 1. Let n(h) = 44*g(h) + 4*j(h). What is the tens digit of n(-1)?
0
Suppose -3 = 9*c - 10*c. Suppose 13*k + 4 = -35. What is the units digit of ((c - 0)/k)/(6/(-402))?
7
Suppose -573*u + 566*u - 4235 = 0. Let o = 1030 + u. What is the hundreds digit of o?
4
Let a(r) = 3*r + 26. Let i be a(-10). Let b be 44/(-5)*(i - 1) - -1. What is the tens digit of (-240)/9*b/(-10)?
2
What is the tens digit of (90*6/(-42))/(2 - 1499/749)?
3
Let c be (420/2)/2 + -2. Let m be ((-12)/(12 + -24))/((-3)/(-114)). Let o = c + m. What is the tens digit of o?
4
Let u = 6078 + -4333. What is the thousands digit of u?
1
Let d(k) = 7*k**2 - 72*k + 117. Let y(c) = 10*c**2 - 108*c + 175. Let a(n) = 7*d(n) - 5*y(n). What is the tens digit of a(33)?
4
Let n be 10/8*((-8)/(-8) + 303). Let s = n + 94. What is the hundreds digit of s?
4
Let x(g) = -598*g - 1234. What is the tens digit of x(-10)?
4
Let x = -9093 - -20103. What is the units digit of x?
0
Let o(y) = 3501*y - 9243. What is the ten thousands digit of o(17)?
5
Let q = 70 - 499. Let m(z) = z**3 - 5*z**2 - z + 7. Let w be m(-5). Let i = w - q. What is the tens digit of i?
9
What is the thousands digit of (-120)/(-300) - -33773*3/15?
6
Let r be (420/(-49))/((-4)/(-112)*4). Suppose 2*j = -10, -2*z - 5*j = -0*z + 53. What is the units digit of (r/z + -4)/(2/28)?
4
Let l(h) = h**3 + 8*h**2 + 7*h + 2. Let k be l(-7). Suppose -k*g - 280 + 812 = -2*u, -5*g + 1328 = -3*u. What is the units digit of g?
5
Let w(c) be the first derivative of c**2 + 1/3*c**3 + 20 + 23*c. What is the units digit of w(0)?
3
Let d be (-4*(3 + 95/(-4)))/1. Let x = 86 - d. Suppose 13 = x*h - 47. What is the units digit of h?
0
Let l(n) = 26*n**2 + 21*n - 3309. What is the hundreds digit of l(60)?
5
Let g be 138861/222 - (0 - 1/(-2)). Let h = g - 567. What is the units digit of h?
8
What is the units digit of (-11)/(99/237)*(-3 - 921)?
2
Let x be (-25278)/(-30) - 21/(-15). Suppose 2*n + x = -p + 3544, 2*p + 6750 = 5*n. What is the units digit of n?
0
Suppose 12*o + 30 = 11*o. Let s be (-3348)/o + (-6)/(-15). Let w = 7 + s. What is the tens digit of w?
1
Let y(w) be the second derivative of 5*w**4/12 + 25*w**3/6 - 81*w**2/2 - 10*w + 9. What is the tens digit of y(3)?
3
Let s = -503 - -505. What is the hundreds digit of 7 - 1 - s - (-117 - -2)?
1
Let t be 3/((-6)/(-10)) - 5. Let n be (-46)/(-4) + 2/4. Suppose -13*o + n*o + 91 = t. What is the units digit of o?
1
Suppose 0*j = 2*q - j - 1, -q + j = -1. Suppose -l + 4*k + 561 = q, 3*l - 1683 = -3*k + 4*k. What is the tens digit of l?
6
Let v be (79/(-2))/((-41)/20 + 2). Suppose 4*n - v = -3*u, -5*n + 0*n = u - 278. What is the units digit of 12/(-8)*u/(-9)?
3
Let o be 1*(-33)/(-5) - (-10)/25. Suppose -8*g + 4 = -o*g. Suppose 5*t - 2*i - 978 = 0, g*t + 2*i - 116 - 670 = 0. What is the tens digit of t?
9
Let v(s) = -s**2 + 268*s + 372. What is the thousands digit of v(87)?
6
Suppose -1365 = 6*k + 123. Suppose -4*f - 1005 = -2733. Let b = k + f. What is the units digit of b?
4
Suppose -36*j + 280145 - 49313 = 0. What is the hundreds digit of j?
4
What is the tens digit of 11862/1977 + (-1)/(2/(-72074))?
4
Suppose 79 = -i + 92. Let g = 2 - 0. Suppose -g*v = -i*v + 2310. What is the tens digit of v?
1
Let t(q) = 99*q**2 + 358*q - 5348. What is the thousands digit of t(16)?
5
Suppose 2*x + r = 4*x + 2673, -4004 = 3*x + 4*r. Let v = 1894 + x. What is the hundreds digit of v?
5
Suppose 20*i + 56468 = 296852 + 59496. What is the units digit of i?
4
Suppose 9542 = u + 8*w, -47423 = 21*u - 26*u + w. What is the hundreds digit of u?
4
What is the thousands digit of -4267*-5*4/10?
8
Let l(y) = 2*y - 21. Let j be ((-44)/(-6))/((-9 - -4)/(-15)). Let c be l(j). Let u(v) = -v**2 + 26*v + 78. What is the tens digit of u(c)?
4
Let p = 32548 + -10602. What is the tens digit of p?
4
Suppose 5*c + 4*z - 36196 = 0, 0 = -z - 3 + 7. What is the tens digit of c?
3
Suppose 5*b = -5*g + 1145, 629 = 5*b - 4*g - 543. Let n be ((-33)/(-22))/(6/b). Suppose -52*s + n*s = 210. What is the units digit of s?
5
Let u(l) = -1 - 1 + 3 + 330*l + 2. What is the tens digit of u(1)?
3
Suppose -30*c + 296341 = 7*c - 80800. What is the ten thousands digit of c?
1
Let q(m) = 257*m**2 + 77*m + 624. What is the units digit of q(-7)?
8
Suppose 3*y - 3*h + 183 = 0, -2*y + 2*h - 131 = -3*h. Let l = 374 + y. What is the units digit of l?
6
Let b(y) = 7*y**2 - 4*y + 0*y + 3*y + 2 - 5*y**2. Let q be b(1). Suppose -3*v - 79 = -q*i - 277, 5*v - 336 = -i. What is the tens digit of v?
6
Let r = 862 + 216. Suppose 0 = g - 5*g - c + r, 2*c = 5*g - 1341. Let z = g - 97. What is the tens digit o